
False
Let s = -598 + 1690. Suppose s + 36208 = 20*i. Is i a composite number?
True
Suppose 9776 = 12*r - 28*r. Let y = r + 984. Is y prime?
True
Suppose 204*l - 440 + 53 = 429. Let b be 1286 + 0 - (-2 + 0). Suppose 3*n + 3*p = 5046, l*n + 3*p - 5443 = b. Is n composite?
True
Suppose 6*v - 330 = -318. Suppose -v*k + 4*k + 12942 = 4*m, 3243 = m + k. Is m a prime number?
False
Let d = 448703 - 216904. Is d composite?
False
Let i(z) = z**3 - 7*z**2 - 6*z + 2. Let r(v) = -5*v**3 + 29*v**2 + 25*v - 7. Let b(h) = 9*i(h) + 2*r(h). Let s be b(-3). Is ((-2065)/10 - -2)*s prime?
True
Let t(l) = -12983*l - 2254. Is t(-11) a composite number?
True
Let u(i) = 12*i**2 - 15*i - 9. Let r be u(13). Suppose r - 488 = 2*k. Let c = -55 + k. Is c a composite number?
False
Suppose -177*r = 229*r + 22*r - 118706228. Is r a composite number?
True
Let q be -2 - (-16)/(-12)*(-9)/6. Suppose -w - 672 = -4*o - q*w, 0 = -o + 3*w + 168. Suppose -3*u = -g - o, -3*g - g = 4*u - 240. Is u a prime number?
False
Suppose 0 = 4*h - 5*i - 130632, 97 = 3*i + 85. Is h prime?
False
Suppose 0 = -66*q + 67*q. Suppose 3*w - w - 10 = q. Is (-335)/10*w/(5/(-26)) a prime number?
False
Suppose -7*i + 9*i = -3*h + 7688, i = -4*h + 10254. Suppose 17*w + h = 21*w. Is w composite?
False
Suppose 4*t - 34 = -14. Suppose -2*b = -t*h - 5*b + 1, -12 = 4*b. Suppose 126 = h*n - 348. Is n prime?
False
Suppose 0 = -4*m + 2*w + 606, -206 = -2*m + 4*w + 112. Suppose 3*a + 3*f + 471 = 0, -a - 5*f - m - 8 = 0. Is (0 - -5)*a*(-3)/3 a composite number?
True
Suppose 0 = -8*m - 21*m + 136764. Suppose -d - 8*a + 3*a = -m, 0 = 2*d + 5*a - 9417. Is d a prime number?
False
Suppose -16 = -7*d + 3*d. Suppose -d*y = -x + 2303, -5383 = -2*x - 5*y - 816. Suppose 4*p - x = -3*k, 0 = -k - 2*k + 5*p + 2273. Is k prime?
True
Let b(l) = 5*l**2 - 5*l + 2. Let d be b(3). Suppose -4*p + 0 = -d. Suppose -3*s = -p*s + 3595. Is s prime?
True
Let i be ((-48)/(-36))/(1/3). Suppose -4*o - 5*s = -10*s + 2080, i*s = 0. Let q = o - -731. Is q composite?
False
Let p = 38091 - 26512. Is p a composite number?
False
Let a = -401 + 443. Suppose 51854 + 244960 = a*j. Is j a composite number?
True
Suppose 1624 = 3*a - 4*b, 0 = -4*a - 4*b + 1870 + 314. Let z be 1 + (79 + -71 - 7/1). Suppose -z*j + 2*w + 2718 - a = 0, 5*w = 0. Is j a prime number?
True
Let b(z) = z + 31. Let h be b(-28). Suppose -5*l = h*n - 15914, 0*l - 2*l - n + 6365 = 0. Is l a composite number?
False
Is 93547/417*(670 - (-4)/(-4)) composite?
True
Let i = -197760 + 373198. Is i a composite number?
True
Let p(t) = -3*t - 12. Suppose 13*z + 73 - 8 = 0. Let h be p(z). Suppose -c + h*r = -106, -4*c + r + 4*r = -459. Is c composite?
True
Suppose 4*x = -2*w - 22, 3*w = 5*x - 7 + 18. Is 8290/x*(-34)/17 a composite number?
True
Is (-3518)/(-3)*(12 + (-441)/42) composite?
False
Suppose -5*p - 883 - 3062 = 0. Let y = -275 - p. Is y a composite number?
True
Let x(n) = -34*n**3 + 4*n**2 - 5*n - 3. Let b be x(-5). Suppose b + 10840 = 4*o - 4*s, -15 = 5*s. Let g = 5469 - o. Is g a composite number?
False
Is (6799818/27)/((-33)/(6831/(-46))) composite?
False
Suppose 0 = -3547*y + 3560*y - 61854 - 2646917. Is y a prime number?
True
Suppose -2*k + 135174 = -4*d, k + 75*d - 67571 = 79*d. Is k composite?
True
Let q = 467 + 155. Suppose -5*y = -2*r + 2540 - q, 4 = -y. Is r composite?
True
Suppose -85*o = -9238484 - 10690674 + 2552863. Is o a prime number?
True
Let w(c) = -c**2 - 3*c + 3. Let u be w(-6). Let v(f) = f**3 + 20*f**2 + 5*f - 13. Is v(u) a prime number?
False
Suppose -4*p = -3*t + 3089173, -10*t - 5148665 = -15*t - 2*p. Is t a prime number?
True
Let j be ((-258)/9)/((-2)/(-213)). Let g(r) = 2*r**2 + 11*r - 364. Let y be g(14). Is j/(-13) + 28/y composite?
True
Let g(s) = 54*s**2 + 4*s + 23. Let u be (((-54)/12)/9)/(2/(-80)). Is g(u) a composite number?
True
Let h be 32/(1/(-2)*-4). Let d be 48/h - (0 + 1). Suppose d*w - 770 = 608. Is w a composite number?
True
Let o = 66173 + -30955. Is o composite?
True
Let v be (3/(-1)*1)/((-87)/116). Suppose 5*l + 10 = 4*x, -8*l + v*l = 2*x - 18. Suppose -l*j = 1 - 3, c - 2*j = 1655. Is c composite?
False
Suppose -2*x + 6*x = 12. Let d = -415 + 2405. Suppose -d + 799 = -x*s. Is s a composite number?
False
Suppose -30 = -12*k + 30. Is 7700 + k + 6 + -2 composite?
True
Let a(c) = 4592*c**3 - 7*c**2 + 57*c - 71. Is a(3) a composite number?
False
Let q(n) = 167*n**2 - 5*n - 5. Let o be (-235)/(-75) + (-2)/15. Let l be o*((-17)/21 + (-2)/(-14)). Is q(l) a prime number?
True
Is (0 + 1 - -106841)*(-26)/(-52) prime?
False
Let a = 219491 + -44586. Is a prime?
False
Let w = 111 - 98. Let y(k) = 378*k + 5. Let v be y(2). Suppose -w*i - 20 = -v. Is i a composite number?
True
Is 6*(285976/48 - 1) a composite number?
True
Let l be (-4)/(-14) + 132/28. Suppose -4396 = -l*t + 4169. Suppose -4*y + t - 661 = 0. Is y a composite number?
False
Let n(f) = 326*f**2 + f - 12. Let s(w) = -3*w**2 + 12*w + 5. Let u be s(4). Is n(u) a prime number?
False
Suppose -2155863 = -5*i + 4*c, 0*i + 4*i + 4*c = 1724712. Suppose -8*m - i = -23*m. Is m composite?
True
Suppose 4*m = -5*d + 391549, -5*m + 4*m + 3*d + 97900 = 0. Is m a composite number?
True
Let v = 70 + -77. Is (-4)/(-6) + ((-3546)/(-27) - v) composite?
False
Suppose 3*r + 0*r = -0*r. Suppose r = -6*v + 5*v - 1. Is (v - 1067)*5/(-5) - -1 a composite number?
False
Suppose 32*g = 4083402 + 836950. Is g a composite number?
True
Let i(o) = -23794*o - 1361. Is i(-13) a prime number?
False
Let t(k) = 738*k + 4. Let u be (4/12)/((0 + 4)/60). Is t(u) a composite number?
True
Suppose -6 = 3*d, -3*l - 16 = l + 4*d. Is l*((-15522)/12 + 4) a composite number?
False
Let m = 595 + -581. Suppose 0 = -m*v + 5*v + 107847. Is v a prime number?
False
Let s = 248387 - 141853. Is s a composite number?
True
Let r(q) = -4*q**2 - 21*q - 30795. Let u(h) = -6*h**2 - 31*h - 46192. Let w(x) = 7*r(x) - 5*u(x). Is w(0) a prime number?
False
Suppose 544880 = -17*s + 3581199. Suppose 0 = 26*f - 255671 - s. Is f a composite number?
False
Let a be 8/28 + (-259288)/28. Let u = 20993 + a. Is u composite?
True
Let f = 194916 - 50099. Is f composite?
False
Is ((-3342402)/36 + -17)*-4 composite?
True
Let w = -14 - -28. Let c(o) = 3*o**2 - 35*o + 8. Let m be c(w). Is -6*(m - 0)*1/(-6) prime?
False
Let j be (1 + -2)/((-3)/93). Let s = j + 68. Suppose -g = -4*g + s. Is g a composite number?
True
Let o = 356 + -347. Suppose o*w - 93 = 9933. Is w composite?
True
Suppose 0 = -0*t - 5*t + 3*n + 22, -3*n - 18 = -3*t. Suppose -t = -s, 3*q - 1874 = -8*s + 4*s. Is q a composite number?
True
Suppose -4*w = 3*m - 153201, 3*w - 2*m = 2*m + 114907. Suppose 10763 = -2*u + w. Suppose 0 = -26*b + 19*b + u. Is b composite?
True
Let p(l) = -13*l**3 - 4*l**2 - 8*l + 19. Let m be p(-5). Suppose -4*g = -5*q - 7314, 3*g + m = -5*q + 7087. Is g a composite number?
False
Let y(n) be the third derivative of -n**6/180 - 11*n**5/30 - 9*n**4/8 - 3*n**3 - 6*n**2. Let q(r) be the first derivative of y(r). Is q(-20) a prime number?
True
Suppose -14524 = 235*q - 236*q. Is ((-2)/4)/((-2)/q) a composite number?
False
Suppose 0 = -3*z - 0 + 12. Let j be z/(-10) + 1822/5. Let b = j + 525. Is b a composite number?
True
Let h = -6 + 27. Suppose 0 = -8*w + h - 5. Suppose -4*k + 5*d = -221, 0*k - 5*k + w*d = -255. Is k prime?
False
Let w(k) = -48*k**2 - 2*k - 6. Let f be w(3). Let i = 973 + f. Suppose -21*l + i = -20*l. Is l a prime number?
False
Let h = 113 + -111. Suppose h*b - 26 + 24 = 0. Let k(x) = 699*x + 2. Is k(b) prime?
True
Suppose 93*p - 3678387 + 1529288 - 20290964 = 0. Is p prime?
True
Let m be -9*39/(4 - 7). Let b be 18/m - (-11938)/(-26). Let y = b - -682. Is y a prime number?
True
Suppose t - 21726 - 4931 = 0. Suppose -5330 = -n - i, -4*n + 9*n - t = 2*i. Is n composite?
True
Let p = 49758 - 17718. Suppose -q + 5*f - 23995 = -4*q, 4*q = 5*f + p. Is q composite?
True
Suppose -i + 24209 + 7693 = 0. Let w = i - 15845. Is w prime?
True
Let f(n) = -n**2 + 14*n - 34. Let c be f(8). Suppose -2*u + 22 = u + 2*r, 2*r = 3*u - c. Is 673 - ((-3)/u + (-2)/(-4)) a composite number?
False
Let u = -758509 - -1239390. Is u composite?
False
Suppose 18 = 12*k + 6*k. Is (-6 - -5) + 666/(k - -2) composite?
True
Let h be (5116/2)/1 - (-3 + 0). Suppose 0 = 3*l - x - 10658, x - 15213 - h = -5*l. Is l a p